{"id":16106,"date":"2025-10-23T15:53:38","date_gmt":"2025-10-23T13:53:38","guid":{"rendered":"https:\/\/krakow.piwnespa.com\/produkt\/sor-tusfurdo\/"},"modified":"2025-10-23T15:53:38","modified_gmt":"2025-10-23T13:53:38","slug":"sor-tusfurdo","status":"publish","type":"product","link":"https:\/\/krakow.piwnespa.com\/hu\/produkt\/sor-tusfurdo\/","title":{"rendered":"S\u00f6r tusf\u00fcrd\u0151"},"content":{"rendered":"<div class=\"elementor-element elementor-element-9910a69 elementor-widget elementor-widget-woocommerce-product-short-description\" data-id=\"9910a69\" data-element_type=\"widget\" data-widget_type=\"woocommerce-product-short-description.default\">\n<div class=\"elementor-widget-container\">\n<div class=\"woocommerce-product-details__short-description\">\n<p>A Saela kozmetikumokat 1999 \u00f3ta k\u00e9zzel k\u00e9sz\u00edtik egy kis cseh manufakt\u00far\u00e1ban Brumovic\u00e9ben. Olyan term\u00e9szetes \u00f6sszetev\u0151ket tartalmaznak, mint a cseh s\u00f6r, koml\u00f3kivonat \u00e9s s\u00f6r\u00e9leszt\u0151, \u00e9s nem tartalmaznak szintetikus sz\u00ednez\u00e9ket, \u00edgy m\u00e9g a gyermekek sz\u00e1m\u00e1ra is biztons\u00e1gosak. <\/p>\n<p>Hidrat\u00e1l\u00f3 tusf\u00fcrd\u0151<strong> s\u00f6rrel (ak\u00e1r 30%) \u00e9s B-vitaminokkal<\/strong>, napi haszn\u00e1lat mellett t\u00e1mogatja a b\u0151r teljes regener\u00e1l\u00f3d\u00e1s\u00e1t. Ide\u00e1lis a h\u00e1ml\u00e1sra, repedez\u00e9sre \u00e9s viszket\u00e9sre hajlamos sz\u00e1raz b\u0151r sz\u00e1m\u00e1ra. M\u00e1r az els\u0151 haszn\u00e1lat ut\u00e1n intenz\u00edv hidrat\u00e1l\u00e1st \u00e9s rugalmass\u00e1got biztos\u00edt a b\u0151rnek.  <\/p>\n<p>Kapacit\u00e1s: 300 ml<\/p>\n<\/div>\n<\/div>\n<\/div>\n","protected":false},"excerpt":{"rendered":"<p>A Saela kozmetikumokat 1999 \u00f3ta k\u00e9zzel k\u00e9sz\u00edtik egy kis cseh manufakt\u00far\u00e1ban Brumovic\u00e9ben. Olyan term\u00e9szetes \u00f6sszetev\u0151ket tartalmaznak, mint a cseh s\u00f6r, koml\u00f3kivonat \u00e9s s\u00f6r\u00e9leszt\u0151, \u00e9s nem tartalmaznak szintetikus sz\u00ednez\u00e9ket, \u00edgy m\u00e9g a gyermekek sz\u00e1m\u00e1ra is biztons\u00e1gosak. Hidrat\u00e1l\u00f3 tusf\u00fcrd\u0151 s\u00f6rrel (ak\u00e1r 30%) \u00e9s B-vitaminokkal, napi haszn\u00e1lat mellett t\u00e1mogatja a b\u0151r teljes regener\u00e1l\u00f3d\u00e1s\u00e1t. Ide\u00e1lis a h\u00e1ml\u00e1sra, repedez\u00e9sre \u00e9s [&hellip;]<\/p>\n","protected":false},"featured_media":11846,"comment_status":"open","ping_status":"closed","template":"","meta":{"_acf_changed":false},"product_brand":[],"product_cat":[340],"product_tag":[],"class_list":{"0":"post-16106","1":"product","2":"type-product","3":"status-publish","4":"has-post-thumbnail","6":"product_cat-sor-kozmetikumok","8":"first","9":"instock","10":"taxable","11":"shipping-taxable","12":"purchasable","13":"product-type-simple"},"acf":[],"_links":{"self":[{"href":"https:\/\/krakow.piwnespa.com\/hu\/wp-json\/wp\/v2\/product\/16106","targetHints":{"allow":["GET"]}}],"collection":[{"href":"https:\/\/krakow.piwnespa.com\/hu\/wp-json\/wp\/v2\/product"}],"about":[{"href":"https:\/\/krakow.piwnespa.com\/hu\/wp-json\/wp\/v2\/types\/product"}],"replies":[{"embeddable":true,"href":"https:\/\/krakow.piwnespa.com\/hu\/wp-json\/wp\/v2\/comments?post=16106"}],"wp:featuredmedia":[{"embeddable":true,"href":"https:\/\/krakow.piwnespa.com\/hu\/wp-json\/wp\/v2\/media\/11846"}],"wp:attachment":[{"href":"https:\/\/krakow.piwnespa.com\/hu\/wp-json\/wp\/v2\/media?parent=16106"}],"wp:term":[{"taxonomy":"product_brand","embeddable":true,"href":"https:\/\/krakow.piwnespa.com\/hu\/wp-json\/wp\/v2\/product_brand?post=16106"},{"taxonomy":"product_cat","embeddable":true,"href":"https:\/\/krakow.piwnespa.com\/hu\/wp-json\/wp\/v2\/product_cat?post=16106"},{"taxonomy":"product_tag","embeddable":true,"href":"https:\/\/krakow.piwnespa.com\/hu\/wp-json\/wp\/v2\/product_tag?post=16106"}],"curies":[{"name":"wp","href":"https:\/\/api.w.org\/{rel}","templated":true}]}}

Sör tusfürdő

<div class="elementor-element elementor-element-9910a69 elementor-widget elementor-widget-woocommerce-product-short-description" data-id="9910a69" data-element_type="widget" data-widget_type="woocommerce-product-short-description.default">
<div class="elementor-widget-container">
<div class="woocommerce-product-details__short-description">
<p>A Saela kozmetikumokat 1999 óta kézzel készítik egy kis cseh manufaktúrában Brumovicében. Olyan természetes összetevőket tartalmaznak, mint a cseh sör, komlókivonat és sörélesztő, és nem tartalmaznak szintetikus színezéket, így még a gyermekek számára is biztonságosak. </p>
<p>Hidratáló tusfürdő<strong> sörrel (akár 30%) és B-vitaminokkal</strong>, napi használat mellett támogatja a bőr teljes regenerálódását. Ideális a hámlásra, repedezésre és viszketésre hajlamos száraz bőr számára. Már az első használat után intenzív hidratálást és rugalmasságot biztosít a bőrnek.  </p>
<p>Kapacitás: 300 ml</p>
</div>
</div>
</div>

<p>A Saela kozmetikumokat 1999 óta kézzel készítik egy kis cseh manufaktúrában Brumovicében. Olyan természetes összetevőket tartalmaznak, mint a cseh sör, komlókivonat és sörélesztő, és nem tartalmaznak szintetikus színezéket, így még a gyermekek számára is biztonságosak. Hidratáló tusfürdő sörrel (akár 30%) és B-vitaminokkal, napi használat mellett támogatja a bőr teljes regenerálódását. Ideális a hámlásra, repedezésre és [&hellip;]</p>
